7*p + 643. What is g(-63)?
76
Let u(t) = -3*t**3 - 28*t**2 - 17*t + 233. Determine u(-6).
-25
Let k(m) = -m**2 + 7937*m - 31726. Give k(4).
6
Let a(p) = -39*p - 7305. What is a(-99)?
-3444
Let y(p) = 7551*p - 34552. What is y(5)?
3203
Let r(o) = 4*o**2 - 10232*o + 1489868. Calculate r(2403).
8
Let c(d) = d**3 - 123*d**2 + 3039*d - 434. Calculate c(34).
8
Let o(a) = -11618*a - 1115097. What is o(-96)?
231
Let k(z) = 4*z**3 + 13*z**2 - 1995*z + 9873. Calculate k(5).
723
Let q(v) = 43*v**3 - 18*v**2 + 20*v - 3. Give q(1).
42
Let i(x) = 104*x + 6109. What is i(-52)?
701
Let x(h) = -238*h - 2144. Determine x(-7).
-478
Let g(b) = 88750*b + 1597498. What is g(-18)?
-2
Let u(k) = 2536*k + 2241848. Calculate u(-884).
24
Let x(i) = -4*i**3 + 371*i**2 + 89*i + 298. What is x(93)?
-74
Let s(o) = 3*o**2 + 16*o - 1929. Give s(23).
26
Let q(b) = -b**3 + 22*b**2 - 135*b + 3180. Give q(22).
210
Let g(w) = -636*w + 19634. Calculate g(31).
-82
Let d(w) = -13059*w - 39191. Calculate d(-3).
-14
Let z(u) = -7*u**2 - 211*u + 4323. What is z(14)?
-3
Let y(q) = 376*q + 117707. Calculate y(-313).
19
Let x(m) = -m**3 - 27*m**2 - 886*m - 19699. What is x(-23)?
-1437
Let q(o) = -6*o**3 - 156*o**2 - o - 43. Give q(-26).
-17
Let h(i) = 9*i**3 + 784*i**2 - 20*i - 9154. Determine h(-87).
155
Let g(b) = b**3 + 68*b**2 - 69*b - 4707. What is g(-68)?
-15
Let r(z) = -60*z - 2649. Calculate r(-47).
171
Let v(f) = -2*f**2 - 2361*f + 90093. Determine v(37).
-2
Let m(o) = -o**3 - 11*o**2 - 700*o - 7710. Calculate m(-11).
-10
Let u(n) = 14*n - 1961. Calculate u(151).
153
Let j(s) = 636443*s - 6364427. Determine j(10).
3
Let n(k) = -777*k + 83899. What is n(108)?
-17
Let f(j) = 95*j - 28480. Give f(302).
210
Let b(n) = -3958*n**2 + 15832*n + 22. Calculate b(4).
22
Let x(u) = -3658*u - 256760. Determine x(-70).
-700
Let v(k) = k**2 + 43*k - 5367. Determine v(55).
23
Let s(j) = 980*j + 206802. Calculate s(-211).
22
Let i(c) = -16*c - 824. Determine i(-29).
-360
Let k(i) = i**2 + 644*i + 96744. Determine k(-405).
-51
Let p(c) = -c**2 + 99*c + 5266. What is p(-37)?
234
Let k(q) = 500*q**2 - 19*q + 110. Give k(0).
110
Let o(n) = n**3 + 13*n**2 + 2028*n + 28559. Determine o(-14).
-29
Let b(l) = 138*l + 8429. Calculate b(-10).
7049
Let m(g) = -2*g**3 - 12*g**2 - 21*g - 100. What is m(-6)?
26
Let x(j) = -78*j**2 + 733*j + 2189. Determine x(-3).
-712
Let o(h) = 24*h**3 + 3*h**2 + 31*h + 71. Determine o(-2).
-171
Let w(z) = -z**3 + 205*z**2 + 196*z + 2126. What is w(206)?
66
Let l(s) = -2934*s**2 - 8798*s - 5. Calculate l(-3).
-17
Let u(y) = -y**2 - 2393*y + 97323. Determine u(40).
3
Let t(n) = n**3 + 151*n**2 + 113*n - 1220. Determine t(-150).
4330
Let y(d) = -12*d**3 - 5*d**2 - 3784*d + 18903. What is y(5)?
-1642
Let s(i) = -8*i**2 - 9647*i - 245415. What is s(-26)?
-1
Let w(c) = 53780*c + 2. Determine w(0).
2
Let p(g) = -1708*g - 115954. Give p(-69).
1898
Let y(q) = 57*q**2 - 1933*q - 33. What is y(34)?
137
Let l(k) = -11*k**2 - 1258*k - 13731. Determine l(-12).
-219
Let r(k) = -k**3 - 11*k**2 + 1126*k + 966. Determine r(29).
-20
Let r(u) = -2*u**3 + u**2 + 52*u - 33. What is r(6)?
-117
Let j(y) = -16145*y - 96675. Determine j(-6).
195
Let m(a) = -2*a**3 - 11*a**2 - 2347*a - 7050. Determine m(-3).
-54
Let o(t) = 42*t**2 - 4539*t + 31808. Give o(7).
2093
Let a(g) = -760*g + 1011. Give a(3).
-1269
Let s(a) = -21*a**2 - 273*a - 1530. Give s(-15).
-2160
Let m(l) = 5*l**2 + 29*l + 36. Give m(-11).
322
Let a(c) = -3*c**3 + 2605*c**2 + 1828*c - 78220. Calculate a(869).
-10
Let c(i) = 3*i**2 + 160*i + 1795. Determine c(-20).
-205
Let s(u) = 7*u**3 + 55*u**2 - 19*u - 184. Give s(-9).
-661
Let u(a) = 101*a**2 - 12238*a + 2079. Give u(121).
22
Let u(t) = -14*t**2 - 15*t + 412. What is u(0)?
412
Let q(c) = 12*c**2 - 193*c + 269. Calculate q(15).
74
Let g(c) = 2300*c - 94327. Determine g(41).
-27
Let p(d) = -2*d**3 - 10*d**2 - 76*d + 502. What is p(5)?
-378
Let w(s) = -839*s + 55258. Calculate w(66).
-116
Let q(f) = -f**2 - 919*f - 210975. Calculate q(-449).
55
Let i(p) = -3*p**3 - 1897*p**2 + 1303*p + 23370. Give i(-633).
-51
Let k(l) = 1363241*l - 9542702. Give k(7).
-15
Let y(h) = -817*h - 18767. Determine y(-21).
-1610
Let v(n) = 25442*n + 254987. Give v(-10).
567
Let t(n) = -13222*n + 53219. What is t(4)?
331
Let d(c) = c**3 + 315*c**2 - 2582*c - 813829. Determine d(-315).
-499
Let l(b) = b**2 + 29*b + 97. Give l(-8).
-71
Let k(y) = -12*y**2 - 29*y - 186. Give k(-5).
-341
Let i(o) = -1699*o - 7069. Determine i(-4).
-273
Let q(w) = 14*w**2 - 3331*w - 283. Determine q(238).
-45
Let s(a) = 16660*a - 10162605. Determine s(610).
-5
Let x(t) = -t**3 - 14*t**2 - 447*t - 3636. Calculate x(-9).
-18
Let z(w) = -5*w**3 - 80*w**2 - 184*w - 35. What is z(-13)?
-178
Let o(q) = -134*q - 12624. Give o(-94).
-28
Let q(g) = 131833*g + 2373028. Calculate q(-18).
34
Let y(j) = -27196*j - 299165. Determine y(-11).
-9
Let t(q) = -38921*q + 739522. Give t(19).
23
Let t(n) = -n**3 - 20*n**2 - 84*n - 15. What is t(-12)?
-159
Let u(k) = -11067*k + 38. Determine u(0).
38
Let q(t) = -2*t**3 + 12*t**2 + 27*t + 175. What is q(8)?
135
Let f(j) = 2*j**3 - 675*j**2 - 1695*j - 1322. Calculate f(340).
378
Let x(n) = -2*n**3 - 102*n**2 - 78*n + 1190. Calculate x(-50).
90
Let o(y) = -y**3 + 133*y**2 + 705*y - 93960. What is o(133)?
-195
Let z(i) = 542*i + 2122. What is z(-4)?
-46
Let g(n) = 3*n**2 - 1063*n + 11664. What is g(343)?
2
Let l(c) = -643*c - 6964. What is l(-11)?
109
Let w(u) = 1078*u**2 - 121818*u + 446. Calculate w(113).
-6
Let t(y) = -y**3 - 26*y**2 - 154*y + 67. What is t(-12)?
-101
Let z(j) = -12*j**2 + 251*j + 538. Give z(22).
252
Let d(k) = -2*k**2 + 944*k - 58898. Give d(74).
6
Let d(x) = 630*x - 14461. Give d(23).
29
Let v(i) = -66*i**2 - 3612*i - 343. Calculate v(-55).
-1333
Let d(r) = 231*r**3 + 5*r**2 + 321*r + 633. Determine d(-2).
-1837
Let c(i) = 12*i**2 + 973*i + 19480. Give c(-45).
-5
Let l(x) = 356*x**3 - 8581*x**2 + 879*x + 216. Determine l(24).
0
Let r(b) = -b**3 - 10*b**2 + 84*b - 422. What is r(5)?
-377
Let q(g) = -2*g**3 - 75*g**2 - 302*g + 471. What is q(-6)?
15
Let l(y) = 322*y + 10733. Calculate l(-36).
-859
Let u(m) = 3220*m + 5813. Calculate u(-2).
-627
Let u(x) = -296743*x + 9199020. Give u(31).
-13
Let t(v) = 2*v**2 + 10*v - 737. Give t(-19).
-205
Let o(r) = 594*r - 42434. Determine o(69).
-1448
Let c(v) = 2*v**2 + 136*v - 2596. Give c(-83).
-106
Let l(b) = b**2 + 162*b - 1978. Give l(15).
677
Let v(y) = -4*y**2 + 54*y + 1978. What is v(33)?
-596
Let i(p) = -p**3 - 66*p**2 + 1700*p + 351. Determine i(20).
-49
Let t(b) = -368*b + 11458. Give t(31).
50
Let w(c) = 175*c + 4416. Give w(-26).
-134
Let i(h) = -6226*h + 26307. Give i(4).
1403
Let n(t) = -4*t**2 - 957*t + 92366. Calculate n(-313).
31
Let g(u) = -u**3 + 1431*u**2 + 31956*u - 236. Determine g(-22).
-16
Let y(s) = -2*s**3 + 216*s**2 + 224*s - 248. What is y(109)?
406
Let w(t) = 43144*t - 560878. Give w(13).
-6
Let q(c) = 142*c**2 + 952*c - 5740. Calculate q(6).
5084
Let o(x) = 8382*x - 16822685. Calculate o(2007).
-11
Let d(v) = v**3 - 1865*v**2 + 62259*v + 26. Determine d(34).
196
Let w(h) = 65472*h - 2553406. Give w(39).
2
Let t(h) = h**2 - 5193*h - 151548. Give t(-29).
-110
Let y(v) = -2*v**3 - 2*v**2 - 2179*v - 6530. Calculate y(-3).
43
Let x(i) = i**3 + 69*i**2 + 780*i - 227. What is x(-54)?
1393
Let b(f) = -2*f**3 - 66*f**2 - 82*f - 657. Give b(-32).
-81
Let m(a) = -a**3 + 80*a**2 - 17*a - 4545. Determine m(79).
353
Let l(h) = 19*h**3 - 210*h**2 + 12*h + 14. Determine l(11).
25
Let c(l) = -396*l - 12506. What is c(-32)?
166
Let g(l) = 7094*l - 57023. What is g(8)?
-271
Let p(k) = 3114*k + 1824803. What is p(-586)?
-1
Let c(j) = j**3 + 44*j**2 - 886*j + 14. Give c(15).
-1
Let u(c) = 40209*c - 2452756. Determine u(61).
-7
Let w(k) = -50988*k + 255114. Give w(5).
174
Let q(u) = 667*u + 74091. Calculate q(-111).
54
Let g(r) = -8475*r + 2542496. What is g(300)?
-4
Let f(a) = 3*a**3 - 21*a**2 - 56*a + 261. Determine f(8).
5
Let t(m) = 2*m**2 - 3815*m - 19130. What is t(-5)?
-5
Let m(p) = 4*p**2 + 39*p - 2183. What is m(20)?
197
Let b(x) = x**3 + 141*x**2 + 3574*x - 2185. Determine b(-34).
-9
Let q(g) = 982*g + 32393. Calculate q(-33).
-13
Let p(d) = d**3 + 97*d**2 + 2355*d + 82. Give p(-46).
-332
Let f(m) = -163*m - 15585. Calculate f(